lse
Is 3625125817 a prime number?
True
Is 228988337 prime?
True
Is 617925726695 a composite number?
True
Is 1018843171 a prime number?
False
Is 99749231 prime?
False
Is 6662268143 composite?
False
Is 23965253803 composite?
True
Is 5881310873 a prime number?
True
Is 1113630229 a composite number?
True
Is 23485374293 composite?
False
Is 28734044803 a composite number?
False
Is 1338892367 a prime number?
False
Is 15693397277 a composite number?
False
Is 39565764167 composite?
False
Is 4813767877 a prime number?
False
Is 631981141 a composite number?
True
Is 72018477809 a composite number?
True
Is 116919676171 a composite number?
True
Is 753674169 composite?
True
Is 4350343999 prime?
False
Is 216379403 a prime number?
False
Is 2947305467 a composite number?
True
Is 396173165 composite?
True
Is 90540304801 composite?
False
Is 27425356639 a composite number?
False
Is 974092433 a composite number?
True
Is 64406993059 composite?
True
Is 183470779 prime?
True
Is 247954529 prime?
True
Is 5890860167 prime?
False
Is 567481583 composite?
False
Is 35885678065 a composite number?
True
Is 36638419 prime?
True
Is 770890061 a composite number?
True
Is 62626661 composite?
False
Is 836510533 a composite number?
True
Is 15795223043 prime?
False
Is 11409344539 prime?
False
Is 9055275263 composite?
False
Is 217799548523 a composite number?
False
Is 2231924083 a prime number?
True
Is 139197117479 a composite number?
True
Is 84839827 a prime number?
True
Is 838526299 a prime number?
False
Is 40834666237 composite?
True
Is 539800297 composite?
False
Is 509103607417 a prime number?
True
Is 48622675831 prime?
True
Is 48737783 a prime number?
True
Is 876980687 composite?
True
Is 3695453977 composite?
True
Is 71160629 a composite number?
False
Is 85410250781 a composite number?
True
Is 84880248902 prime?
False
Is 544631831 a composite number?
False
Is 383040841 prime?
True
Is 225984313 a prime number?
True
Is 979337407 a prime number?
False
Is 15006871877 composite?
True
Is 600765017 a prime number?
False
Is 1480399603 composite?
False
Is 15595355011 a prime number?
True
Is 1317709541 prime?
True
Is 75226860419 prime?
True
Is 14367103889 a composite number?
False
Is 14778474343 a prime number?
True
Is 723573619 prime?
True
Is 9371954423 composite?
True
Is 27707361313 a prime number?
False
Is 2368866737 prime?
True
Is 3421498253 prime?
False
Is 4304194423 composite?
True
Is 338827779683 a prime number?
False
Is 75653472989 a prime number?
True
Is 4510415053 prime?
True
Is 404709887 prime?
False
Is 21610031897 a composite number?
False
Is 2612923189 composite?
False
Is 7187420879 a prime number?
True
Is 8408222813 a composite number?
True
Is 610274099 a prime number?
True
Is 4509865679 prime?
False
Is 11721201823 a prime number?
True
Is 3731423711 a prime number?
True
Is 23270590361 composite?
False
Is 898179407 composite?
False
Is 13195260283 a prime number?
False
Is 1167917789 a prime number?
True
Is 68236386137 composite?
False
Is 4590834191 a composite number?
True
Is 22047247 composite?
True
Is 123708865507 a prime number?
True
Is 6476015519 prime?
True
Is 23417946263 composite?
False
Is 18822634003 a prime number?
False
Is 4405241 a prime number?
False
Is 806953819 composite?
True
Is 50239627 prime?
False
Is 96663331 composite?
False
Is 1292089637 prime?
True
Is 3843851329 prime?
True
Is 11040526201 a composite number?
True
Is 1606609717 a prime number?
True
Is 36661745291 a composite number?
True
Is 75170323 prime?
False
Is 280947161 prime?
False
Is 44129863187 a composite number?
True
Is 396752417 a composite number?
False
Is 1992724703 prime?
False
Is 53038329143 a prime number?
False
Is 94011065711 a prime number?
True
Is 56518227463 a composite number?
False
Is 63531887 composite?
False
Is 403106287 a composite number?
True
Is 6844854097 a composite number?
True
Is 6155703997 prime?
False
Is 1318377223 a composite number?
False
Is 321395401 a prime number?
True
Is 10029447661 composite?
True
Is 230379637 composite?
True
Is 56240519477 a composite number?
False
Is 304935892897 prime?
True
Is 327378241 a composite number?
False
Is 311094635 prime?
False
Is 5474767013 a prime number?
True
Is 1044877903 a composite number?
True
Is 109791075935 a composite number?
True
Is 32645266667 prime?
False
Is 18300559331 a composite number?
False
Is 921845879 a composite number?
False
Is 1840645861 a composite number?
False
Is 27312697261 a prime number?
True
Is 5537583659 composite?
True
Is 742138949 a prime number?
False
Is 461484467 composite?
True
Is 1618274117 a prime number?
False
Is 193698733 composite?
False
Is 3788969879 a composite number?
False
Is 817661653 a composite number?
False
Is 2966049659 a composite number?
False
Is 1145729569 a prime number?
False
Is 1884442649 prime?
False
Is 82178254667 a composite number?
True
Is 655435127 composite?
False
Is 9694541719 a composite number?
False
Is 19269503947 a composite number?
False
Is 593075269 composite?
True
Is 158880612107 a prime number?
False
Is 1974257501 prime?
True
Is 2274770753 a composite number?
True
Is 31989252329 prime?
False
Is 8156023367 a composite number?
True
Is 205521817 composite?
True
Is 2237114401 composite?
False
Is 3080100677 a prime number?
False
Is 16238695279 a composite number?
False
Is 72527655397 prime?
False
Is 1722277349 a composite number?
True
Is 239797215731 a prime number?
False
Is 54098319521 a composite number?
False
Is 1533564371 prime?
False
Is 599983301 prime?
False
Is 15636480271 composite?
True
Is 16045581317 a prime number?
True
Is 3400129919 a composite number?
True
Is 101650377 composite?
True
Is 65299019921 a composite number?
True
Is 458807861 composite?
False
Is 533578747 prime?
False
Is 25470197023 composite?
True
Is 3723067253 composite?
False
Is 37241422711 composite?
True
Is 971728237 a composite number?
False
Is 987927389 prime?
True
Is 1687900827 a prime number?
False
Is 119588501 prime?
False
Is 25712776751 a prime number?
False
Is 85585100987 a prime number?
True
Is 10343514626 prime?
False
Is 13511260877 a composite number?
True
Is 1023283103 a prime number?
True
Is 1757548319 a prime number?
True
Is 1191964847 a prime number?
True
Is 4082209091 a composite number?
False
Is 250018294 a composite number?
True
Is 141565717 prime?
True
Is 1029542039 a composite number?
True
Is 1917884123 a composite number?
True
Is 45974235449 composite?
False
Is 23489528077 composite?
False
Is 874177159 a composite number?
False
Is 86001362371 a prime number?
True
Is 2709812203 prime?
False
Is 186802193197 prime?
False
Is 299379511 a prime number?
False
Is 17351008391 composite?
False
Is 6195458887 composite?
True
Is 882233281 composite?
True
Is 8070276007 a composite number?
True
Is 111529763 a composite number?
False
Is 604757893 composite?
False
Is 3851645513 a prime number?
False
Is 1649147359 composite?
False
Is 22341182117 prime?
True
Is 2401987006 prime?
False
Is 1068978067 a composite number?
False
Is 2107404557 a prime number?
True
Is 56844764351 a composite number?
False
Is 1793117005 composite?
True
Is 5647056887 a prime number?
False
Is 2533998527 a composite number?
True
Is 703092673 prime?
False
Is 290030881 prime?
False
Is 4062905957 a composite number?
True
Is 36488599379 a composite number?
False
Is 2251877007 a composite number?
True
Is 24506001077 composite?
True
Is 782196937 composite?
True
Is 1260939893 a composite number?
False
Is 153798233 composite?
True
Is 2628485609 prime?
False
Is 58080851497 a prime number?
False
Is 308888537 prime?
True
Is 862087049 prime?
False
Is 24858290351 a composite number?
False
Is 141617639 composite?
False
Is 2647179371 a prime number?
True
Is 2767199705 prime?
False
Is 3471881641 a composite number?
False
Is 52867641 prime?
False
Is 28827763561 a composite number?
False
Is 6699644429 prime?
False
Is 18460008565 composite?
True
Is 274941473 composite?
True
Is 2564831813 composite?
False
Is 211856887687 a prime number?
False
Is 6078391 composite?
True
Is 1474084051 a composite number?
True
Is 3674145211 prime?
False
Is 13810407383 prime?
False
Is 7177440719 a prime number?
False
Is 810576763 prime?
True
Is 9464227477 composite?
False
Is 70954281994 a composite number?
True
Is 14782748477 a composite number?
True
Is 120475